5?
False
Is 3 a factor of 461?
False
Does 106 divide 32648?
True
Is 698 a multiple of 35?
False
Is 3127 a multiple of 53?
True
Is 9 a factor of 3253?
False
Is 39 a factor of 312?
True
Is 7 a factor of 98080?
False
Does 8 divide 1136?
True
Is 23 a factor of 19757?
True
Is 51 a multiple of 4?
False
Is 735 a multiple of 20?
False
Is 3916 a multiple of 5?
False
Is 36 a factor of 4932?
True
Is 663 a multiple of 51?
True
Does 66 divide 2376?
True
Is 80 a multiple of 5?
True
Does 9 divide 6500?
False
Is 8 a factor of 6976?
True
Is 16 a factor of 34352?
True
Is 150 a factor of 6450?
True
Is 13 a factor of 1313?
True
Does 4 divide 2520?
True
Is 39 a factor of 149?
False
Does 113 divide 50264?
False
Is 988 a multiple of 36?
False
Is 9469 a multiple of 70?
False
Does 78 divide 3744?
True
Is 862 a multiple of 10?
False
Does 43 divide 3028?
False
Is 1826 a multiple of 22?
True
Is 992 a multiple of 16?
True
Is 1063 a multiple of 97?
False
Is 4 a factor of 9251?
False
Is 157 a multiple of 7?
False
Does 20 divide 54097?
False
Is 8648 a multiple of 56?
False
Is 13083 a multiple of 7?
True
Is 3484 a multiple of 52?
True
Is 69 a multiple of 2?
False
Does 101 divide 3535?
True
Is 39 a factor of 234?
True
Does 6 divide 150?
True
Does 18 divide 730?
False
Does 5 divide 33700?
True
Does 29 divide 535?
False
Does 186 divide 38130?
True
Does 2 divide 12728?
True
Is 22 a factor of 924?
True
Is 18 a multiple of 13?
False
Is 1301 a multiple of 10?
False
Is 470 a multiple of 19?
False
Does 188 divide 51347?
False
Is 5400 a multiple of 5?
True
Is 77 a factor of 3619?
True
Is 7448 a multiple of 76?
True
Is 602 a multiple of 7?
True
Does 40 divide 1283?
False
Is 1015 a multiple of 5?
True
Is 30760 a multiple of 13?
False
Is 10 a factor of 16640?
True
Is 5553 a multiple of 43?
False
Is 69 a multiple of 6?
False
Does 48 divide 11712?
True
Does 49 divide 6199?
False
Is 20 a factor of 940?
True
Is 220 a multiple of 40?
False
Is 13 a factor of 470?
False
Does 25 divide 6002?
False
Is 4 a factor of 5405?
False
Is 2 a factor of 57?
False
Is 1851 a multiple of 5?
False
Is 6 a factor of 126?
True
Is 12971 a multiple of 102?
False
Is 3807 a multiple of 3?
True
Does 37 divide 2674?
False
Does 15 divide 8145?
True
Is 107 even?
False
Does 57 divide 12768?
True
Is 1428 a multiple of 42?
True
Does 16 divide 8976?
True
Does 41 divide 3280?
True
Does 3 divide 75?
True
Is 20 a factor of 1150?
False
Is 71 a factor of 2414?
True
Is 594 a multiple of 27?
True
Does 50 divide 11685?
False
Does 18 divide 16740?
True
Is 190 a multiple of 190?
True
Is 10 a factor of 1418?
False
Is 59088 a multiple of 5?
False
Is 100 a factor of 5237?
False
Is 506 a multiple of 11?
True
Is 83 a factor of 249?
True
Is 4228 a multiple of 14?
True
Does 64 divide 14209?
False
Does 20 divide 1251?
False
Does 9 divide 4221?
True
Is 129 a factor of 2489?
False
Is 3420 a multiple of 228?
True
Is 20 a factor of 20427?
False
Is 11 a factor of 417?
False
Is 62 a factor of 33001?
False
Is 8 a factor of 6327?
False
Does 19 divide 489?
False
Does 70 divide 76?
False
Is 102760 a multiple of 70?
True
Is 146 a factor of 7446?
True
Is 24160 a multiple of 40?
True
Is 34286 a multiple of 43?
False
Is 1131 a multiple of 69?
False
Does 8 divide 2312?
True
Does 55 divide 11000?
True
Is 16 a factor of 4256?
True
Is 23 a multiple of 3?
False
Does 3 divide 4104?
True
Is 372 a multiple of 16?
False
Is 7009 a multiple of 6?
False
Is 630 a multiple of 21?
True
Is 46 a factor of 460?
True
Does 17 divide 5933?
True
Is 135 a factor of 17145?
True
Is 10 a factor of 339?
False
Is 32 a factor of 676?
False
Is 8 a factor of 41722?
False
Is 336 a multiple of 2?
True
Is 420 a multiple of 21?
True
Is 8460 a multiple of 30?
True
Is 28300 a multiple of 50?
True
Is 1819 a multiple of 5?
False
Is 35 a factor of 365?
False
Does 7 divide 516?
False
Does 17 divide 1462?
True
Is 2697 even?
False
Is 2309 a multiple of 3?
False
Is 2156 a multiple of 22?
True
Does 21 divide 189?
True
Does 46 divide 966?
True
Does 51 divide 1107?
False
Is 36 a factor of 882?
False
Is 27 a factor of 8655?
False
Does 15 divide 83?
False
Is 659 a multiple of 2?
False
Is 120 a factor of 3876?
False
Is 10 a factor of 270?
True
Does 15 divide 29991?
False
Does 3 divide 1675?
False
Is 164 a factor of 30996?
True
Is 1496 a multiple of 12?
False
Is 1860 a multiple of 3?
True
Is 3591 a multiple of 18?
False
Does 28 divide 7728?
True
Does 139 divide 13066?
True
Is 5 a factor of 30115?
True
Is 22 a factor of 35805?
False
Is 58 a factor of 45240?
True
Does 11 divide 303?
False
Is 41 a factor of 817?
False
Is 27336 a multiple of 17?
True
Is 610 a multiple of 5?
True
Is 1300 a multiple of 65?
True
Is 28917 a multiple of 21?
True
Is 15 a factor of 73605?
True
Is 21 a factor of 1065?
False
Is 203 a multiple of 7?
True
Is 2099 a multiple of 42?
False
Is 2128 a multiple of 112?
True
Is 9 a factor of 27?
True
Is 32434 a multiple of 40?
False
Does 3 divide 431?
False
Is 268 a multiple of 11?
False
Is 7 a factor of 344?
False
Is 1540 a multiple of 28?
True
Is 31 a factor of 1984?
True
Is 19 a factor of 1174?
False
Is 874 a multiple of 19?
True
Is 71 a factor of 923?
True
Does 5 divide 9110?
True
Is 1397 a multiple of 13?
False
Does 18 divide 476?
False
Does 144 divide 26928?
True
Does 12 divide 22272?
True
Is 1264 a multiple of 16?
True
Is 654 a multiple of 70?
False
Is 4668 a multiple of 31?
False
Is 1230 a multiple of 30?
True
Does 17 divide 7055?
True
Is 1105 a multiple of 2?
False
Is 678 a multiple of 41?
False
Is 320 a multiple of 8?
True
Is 624 a multiple of 16?
True
Is 6584 a multiple of 40?
False
Does 4 divide 121?
False
Is 21 a factor of 8673?
True
Does 32 divide 118?
False
Is 168 a multiple of 4?
True
Is 15 a factor of 1230?
True
Is 578 a multiple of 17?
True
Is 38 a factor of 105108?
True
Does 7 divide 2662?
False
Is 3909 a multiple of 32?
False
Is 14 a factor of 2786?
True
Is 5 a factor of 2960?
True
Does 68 divide 21692?
True
Is 1754 a multiple of 35?
False
Is 131 a multiple of 11?
False
Does 174 divide 10092?
True
Is 15 a factor of 723?
False
Is 3300 a multiple of 60?
True
Does 102 divide 1020?
True
Is 7911 a multiple of 162?
False
Is 85 a factor of 3352?
False
Is 138 a multiple of 23?
True
Does 36 divide 648?
True
Does 7 divide 3871?
True
Does 130 divide 5590?
True
Is 15570 a multiple of 18?
True
Is 704 a multiple of 17?
False
Does 251 divide 103663?
True
Does 27 divide 17414?
False
Is 3877 a multiple of 7?
False
Does 100 divide 21799?
False
Is 1321 a multiple of 2?
False
Is 13 a factor of 247?
True
Does 129 divide 32221?
False
Does 3 divide 153?
True
Is 3032 a multiple of 4?
True
Is 3 a factor of 15?
True
Is 48 a factor of 3844?
False
Is 7628 a multiple of 64?
False
Does 29 divide 1827?
True
Is 1760 a multiple of 16?
True
Is 40 a factor of 520?
True
Is 11 a factor of 48191?
True
Does 4 divide 201?
False
Is 4260 a multiple of 142?
True
Is 12 a factor of 2389?
False
Is 6743 a multiple of 23?
False
Does 29 divide 6026?
False
Is 12 a factor of 55?
False
Does 5 divide 728?
False
Is 8 a factor of 489?
False
Is 2100 a multiple of 150?
True
Does 5 divide 49625?
True
Does 5 divide 12105?
True
Is 18 a factor of 3237?
False
Does 57 divide 1618?
False
Is 3375 a multiple of 15?
True
Is 7 a factor of 2520?
True
Is 156 a multiple of 13?
True
Does 14 divide 21266?
True
Is 8418 a multiple of 11?
False
Is 19 a factor of 9611?
False
Is 14106 a multiple of 112?
False
Does 38 divide 517?
False
Is 45385 a multiple of 29?
True
Is 2082 a multiple of 58?
False
Does 12 divide 2232?
True
Is 28784 a multiple of 206?
False
Is 57 a factor of 741?
True
Is 616 a multiple of 9?
False
Is 42 a factor of 1258?
False
Is 3 a factor of 1662?
True
Is 160 a factor of 7378?
False
Is 23126 a multiple of 95?
False
Is 7 a factor of 30947?
True
Is 216 a multiple of 18?
True
Is 32784 a multiple of 48?
True
Is 32 a factor of 643?
False
Is 891 a multiple of 33?
True
Is 2 a factor of 239?
False
Does 5 divide 1444?
False
Is 524 a multiple of 22?
False
Is 3473 a multiple of 23?
True
Does 55 divide 1422?
False
Is 12 a factor of 864?
True
Does 38 divide 1520?
True
Is 20 a factor of 11868?
False
Is 12 a factor of 5520?
True
Is 1813 a multiple of 23?
False
Is 56 a factor of 8844?
False
Does 10 divide 90?
True
Does 75 divide 3522?
False
Does